{"id":501,"date":"2020-09-14T10:53:37","date_gmt":"2020-09-14T08:53:37","guid":{"rendered":"http:\/\/www.duatlonvaldebebas.es\/?page_id=501"},"modified":"2026-01-22T22:46:05","modified_gmt":"2026-01-22T20:46:05","slug":"reglamento-2020","status":"publish","type":"page","link":"https:\/\/www.duatlonvaldebebas.es\/?page_id=501","title":{"rendered":"Reglamento"},"content":{"rendered":"\n<p><strong>1-PARTICIPANTES<\/strong>:<\/p>\n\n\n\n<p>8 Febrero 2026<\/p>\n\n\n\n<p>Podr\u00e1n participar todos aquellos deportistas, federados o no federados, que realicen su inscripci\u00f3n en la forma establecida en el presente reglamento y que pertenezcan a alguna de las categor\u00edas igualmente establecidas. Para cada una de las pruebas se establecer\u00e1 un l\u00edmite de participantes. L\u00edmite de 500 inscritos en total.<\/p>\n\n\n\n<p><strong>CAMPEONATO DE MADRID DE DUATL\u00d3N POR CLUBES 2026<\/strong>:<\/p>\n\n\n\n<p>Todos los clubes con licencia en vigor en la Comunidad de Madrid pueden tomar parte en el Campeonato de Madrid de Duatl\u00f3n por Clubes.<\/p>\n\n\n\n<p>Al competir de forma individual, todos los duatletas tienen que tener licencia federativa activa de la Comunidad de Madrid para poder puntuar para su club en el Campeonato de Madrid de clubes.<\/p>\n\n\n\n<p>El n\u00famero de duatletas por club ser\u00e1 todos aquellos que se inscriban en la competici\u00f3n, siendo el n\u00famero m\u00ednimo para poder puntuar el de seis duatletas y el n\u00famero m\u00e1ximo de duatletas que punt\u00faan para su club de diez.<\/p>\n\n\n\n<p>En caso de que por un club compitan m\u00e1s de diez duatletas, para la clasificaci\u00f3n se tomar\u00e1 la puntuaci\u00f3n de los diez mejores duatletas clasificados, no recibiendo el resto de duatletas de dicho club puntuaci\u00f3n alguna.<\/p>\n\n\n\n<p>En la tabla de puntuaci\u00f3n s\u00f3lo clasificar\u00e1n los duatletas, con licencia de Madrid, que formen parte de un club que est\u00e9 participando en el Campeonato de Madrid de clubes.<br>En caso de empate entre dos o m\u00e1s clubes se clasificar\u00e1n atendiendo al siguiente criterio:<br>Aquel equipo que su mejor duatleta haya quedado en mejor posici\u00f3n en la clasificaci\u00f3n individual de la prueba.<\/p>\n\n\n\n<figure class=\"wp-block-image size-large\"><a href=\"https:\/\/www.duatlonvaldebebas.es\/wp-content\/uploads\/2025\/12\/imagen.png\"><img loading=\"lazy\" decoding=\"async\" width=\"644\" height=\"1024\" src=\"https:\/\/www.duatlonvaldebebas.es\/wp-content\/uploads\/2025\/12\/imagen-644x1024.png\" alt=\"\" class=\"wp-image-1380\" srcset=\"https:\/\/www.duatlonvaldebebas.es\/wp-content\/uploads\/2025\/12\/imagen-644x1024.png 644w, https:\/\/www.duatlonvaldebebas.es\/wp-content\/uploads\/2025\/12\/imagen-189x300.png 189w, https:\/\/www.duatlonvaldebebas.es\/wp-content\/uploads\/2025\/12\/imagen-768x1222.png 768w, https:\/\/www.duatlonvaldebebas.es\/wp-content\/uploads\/2025\/12\/imagen-966x1536.png 966w, https:\/\/www.duatlonvaldebebas.es\/wp-content\/uploads\/2025\/12\/imagen.png 1124w\" sizes=\"auto, (max-width: 644px) 100vw, 644px\" \/><\/a><\/figure>\n\n\n\n<p><strong>No se pueden utilizar bicicletas con acoples en ninguna de las distancias y formatos.<\/strong> <\/p>\n\n\n\n<p><strong>2-CATEGORIAS<\/strong>:<\/p>\n\n\n\n<p><strong>S\u00faperprint POPULAR (3-10-1.7) &#8211; Prueba CON DRAFTING (no se puede llevar acoples y no est\u00e1n permitidas la \u00abcabras\u00bb o bicis de contrarreloj, <strong><strong>si est\u00e1n permitidas MTB)<\/strong><\/strong><\/strong>, Masculina y Femenina:<\/p>\n\n\n\n<ol class=\"wp-block-list\">\n<li>&#8211; ABSOLUTA (los tres primeros clasificados, independientemente de la edad)<\/li>\n\n\n\n<li>&#8211; SUB 23 (Los nacidos en 2003 o despu\u00e9s)<\/li>\n\n\n\n<li>&#8211; SENIOR (Los nacidos entre 1987 y 2002)<\/li>\n\n\n\n<li>&#8211; VETERANO 1 (los nacidos entre 1977 y 1986)<\/li>\n\n\n\n<li>&#8211; VETERANO 2 (los nacidos entre 1976 o antes )<\/li>\n<\/ol>\n\n\n\n<p><strong>Sprint POPULAR (5-20-2.5) &#8211; Prueba CON DRAFTING (no se puede llevar acoples y no est\u00e1n permitidas la \u00abcabras\u00bb o bicis de contrarreloj, <strong>si est\u00e1n permitidas MTB<\/strong>)<\/strong>, Masculina y Femenina:<\/p>\n\n\n\n<ol class=\"wp-block-list\">\n<li>&#8211; ABSOLUTA (los tres primeros clasificados, independientemente de la edad)<\/li>\n\n\n\n<li>&#8211; SUB 23 (Los nacidos en 2003 o despu\u00e9s)<\/li>\n\n\n\n<li>&#8211; SENIOR (Los nacidos entre 1987 y 2002)<\/li>\n\n\n\n<li>&#8211; VETERANO 1 (los nacidos entre 1977 y 1986)<\/li>\n\n\n\n<li>&#8211; VETERANO 2 (los nacidos entre 1976 o antes )<\/li>\n<\/ol>\n\n\n\n<p><strong>Sprint FEDERADO (5-20-2.5) &#8211; Prueba CON DRAFTING (no se puede llevar acoples y no est\u00e1n permitidas la \u00abcabras\u00bb o bicis de contrarreloj, NO<strong> est\u00e1n permitidas MTB<\/strong>)<\/strong>, Masculina y Femenina:<\/p>\n\n\n\n<ol class=\"wp-block-list\">\n<li>&#8211; ABSOLUTA (los tres primeros clasificados, independientemente de la edad)<\/li>\n\n\n\n<li>&#8211; SUB 23 (Los nacidos en 2003 o despu\u00e9s)<\/li>\n\n\n\n<li>&#8211; SENIOR (Los nacidos entre 1987 y 2002)<\/li>\n\n\n\n<li>&#8211; VETERANO 1 (los nacidos entre 1977 y 1986)<\/li>\n\n\n\n<li>&#8211; VETERANO 2 (los nacidos entre 1976 o antes )<\/li>\n<\/ol>\n\n\n\n<p><strong>RELEVOS 3-10-1.7<\/strong> (Distancia S\u00fapersprint) <strong> Prueba CON DRAFTING (no se puede llevar acoples y no est\u00e1n permitidas la \u00abcabras\u00bb o bicis de contrarreloj, si<strong> est\u00e1n permitidas MTB<\/strong>)<\/strong><\/p>\n\n\n\n<ol class=\"wp-block-list\">\n<li>&#8211; ABSOLUTA MASCULINA<\/li>\n\n\n\n<li>&#8211; ABSOLUTA FEMENINA<\/li>\n\n\n\n<li>&#8211; ABSOLUTA MIXTA<\/li>\n<\/ol>\n\n\n\n<p><strong>EQUIPOS <strong>Sprint (5-20-2.5)<\/strong> Prueba CON DRAFTING (no se puede llevar acoples y no est\u00e1n permitidas la \u00abcabras\u00bb o bicis de contrarreloj, si<strong> est\u00e1n permitidas MTB<\/strong>)<\/strong><\/p>\n\n\n\n<ol class=\"wp-block-list\">\n<li>&#8211; ABSOLUTA MASCULINA<\/li>\n\n\n\n<li>&#8211; ABSOLUTA FEMENINA<\/li>\n\n\n\n<li>&#8211; ABSOLUTA MIXTA<\/li>\n<\/ol>\n\n\n\n<p><strong>3-INSCRIPCIONES<\/strong>:<\/p>\n\n\n\n<p>Las inscripciones se pueden realizar por internet en <a href=\"https:\/\/www.rockthesport.com\/es\/evento\/xvi-duatlon-de-valdebebas-2026\">https:\/\/www.rockthesport.com\/es\/evento\/xvi-duatlon-de-valdebebas-2026<\/a> hasta el 4 de febrero a las 21:00<\/p>\n\n\n\n<p>Cuota <strong>Sprint (5-20-2.5)<\/strong> (los no Federados +5\u20ac en cada tarifa): 30\u20ac hasta el 5 de enero \u2013 35\u20ac hasta el 26 de enero \u2013 40\u20ac hasta el 5 de febrero<\/p>\n\n\n\n<p>Cuota <strong>S\u00fapersprint (3-10-1.7)<\/strong> (los no Federados +5\u20ac en cada tarifa): 25\u20ac hasta el 5 de enero \u2013 30\u20ac hasta el 25 de enero \u2013 35\u20ac hasta el 4 de febrero<\/p>\n\n\n\n<p>Cuota <strong>Relevos<\/strong> <strong>3-10-1.7<\/strong> (distancia S\u00fapersprint), tarifa individual (los no Federados +5\u20ac en cada tarifa): 23\u20ac hasta el 5 de enero \u2013 28\u20ac hasta el 25 de enero \u2013 33\u20ac hasta el 4 de febrero<\/p>\n\n\n\n<p>Cuota <strong>Equipos<\/strong> <strong>Sprint (5-20-2.5)<\/strong>, tarifa individual (los no Federados +5\u20ac en cada tarifa): 30\u20ac hasta el 5 de enero \u2013 35\u20ac hasta el 25 de enero \u2013 40\u20ac hasta el 4 de febrero<\/p>\n\n\n\n<p>Las Licencias ser\u00e1n validadas por la FMTRI y en caso de no encontrarse en vigor la inscripci\u00f3n quedar\u00e1 anulada sin opci\u00f3n a la devoluci\u00f3n de su importe.<\/p>\n\n\n\n<p>Deportistas Federados en la FMTRI y los federados en otra federaci\u00f3n auton\u00f3mica de triatl\u00f3n que tengan licencia \u00fanica expedida por la FETRI.<\/p>\n\n\n\n<p>Todo aquel inscrito como Federado asume la autenticidad de su licencia y certifica que los datos son correctos. En el caso de que se haya registrado como Federado y no lo sea exime de toda responsabilidad a la organizaci\u00f3n, patrocinadores u otras instituciones participantes ante cualquier accidente o lesi\u00f3n que pudiera sufrir antes, durante y\/o despu\u00e9s del evento deportivo, renunciando desde ya a cualquier acci\u00f3n legal en contra de cualquiera de dichas entidades.<\/p>\n\n\n\n<p><strong>4-RELEVOS <strong>3-10-1.7<\/strong><\/strong>:<\/p>\n\n\n\n<ul class=\"wp-block-list\">\n<li>El relevo se dar\u00e1 en la zona habilitada al efecto, conocida como \u201cZona de Relevo\u201d, que estar\u00e1 debidamente marcada.<\/li>\n\n\n\n<li>El relevo se completar\u00e1 cuando el atleta que finaliza contacta con su mano, dentro de la zona de relevo, al atleta que empieza el siguiente sector.<\/li>\n\n\n\n<li>Si el relevo no se produce completamente dentro de la zona de relevo, el equipo ser\u00e1 descalificado.<\/li>\n\n\n\n<li>Antes del relevo, los atletas esperar\u00e1n en la zona de espera a las \u00f3rdenes de los oficiales.<\/li>\n\n\n\n<li>En el inicio del sector de bicicleta, los participantes no se podr\u00e1n subir a la bicicleta hasta zona habilitada para ellos y marcada por los jueces.<\/li>\n\n\n\n<li>Antes de entrar en boxes, existir\u00e1 una indicaci\u00f3n donde el ciclista deber\u00e1 bajarse de la bicicleta e ir corriendo con ella en la mano, para dejarla correctamente colgada en la zona de boxes, para seguir corriendo a dar el relevo al compa\u00f1ero\/a.<\/li>\n<\/ul>\n\n\n\n<p><strong>No se pueden utilizar bicicletas con acoples en ninguna de las distancias y formatos.<\/strong>  <\/p>\n\n\n\n<p><strong>5-EQUIPOS <strong>Sprint (5-20-2.5)<\/strong><\/strong>:<\/p>\n\n\n\n<ul class=\"wp-block-list\">\n<li>Es una prueba que no pertenece al Campeonato del Madrid. <\/li>\n\n\n\n<li>Los equipos deben estar formados por un m\u00ednimo de 4 y un m\u00e1ximo de 6 integrantes.<\/li>\n\n\n\n<li>Los equipos pueden ser masculinos, femeninos o mixtos.<\/li>\n\n\n\n<li>Dentro del mismo equipo se podr\u00e1n combinar deportistas pertenecientes a diferentes categor\u00edas que podr\u00edan tomar parte en una competici\u00f3n individual de la misma distancia, siempre que cumplan con la edad m\u00ednima establecida para poder participar.<\/li>\n\n\n\n<li>Los componentes de un equipo pueden ayudarse entre s\u00ed (por ejemplo empujando, tirando o llevando a un compa\u00f1ero) siempre por sus propios medios y sin el uso de ayudas externas.<\/li>\n\n\n\n<li>Se utilizar\u00e1 el mismo equipamiento que en la distancia sprint. Los integrantes de un equipo pueden ir a rueda entre ellos.<\/li>\n\n\n\n<li>Si un equipo alcanza a otro no puede situarse a la estela del equipo alcanzado.<\/li>\n\n\n\n<li>Los integrantes del equipo deben ir juntos en todo momento<\/li>\n\n\n\n<li>En caso de que uno o m\u00e1s integrantes del equipo se encuentren descolgados a m\u00e1s de 30 segundos de su equipo deber\u00e1n abandonar la competici\u00f3n.<\/li>\n\n\n\n<li>El \u00e1rea de transici\u00f3n incluir\u00e1 una zona de espera, pr\u00f3xima a la salida de la misma, en la que los deportistas podr\u00e1n esperar a otros componentes de su equipo. Los equipos podr\u00e1n salir del \u00e1rea de transici\u00f3n cuando est\u00e9n presentes al menos cuatro de sus integrantes en la zona de espera. El quinto y sexto integrantes tendr\u00e1n un margen de 30 segundos para abandonar el \u00e1rea de transici\u00f3n. Pasado este tiempo no podr\u00e1n continuar compitiendo.<\/li>\n\n\n\n<li>El tiempo del equipo ser\u00e1 el del cuarto deportista que llegue a meta. Los tiempos intermedios se tomar\u00e1n tambi\u00e9n sobre el cuarto componente del equipo en ese momento.<\/li>\n<\/ul>\n\n\n\n<p><strong>No se pueden utilizar bicicletas con acoples en ninguna de las distancias y formatos.<\/strong>  <\/p>\n\n\n\n<p><strong>6-DEVOLUCIONES<\/strong>:<\/p>\n\n\n\n<p>Una vez la inscripci\u00f3n sea aceptada, la cuota de inscripci\u00f3n NO SER\u00c1 REEMBOLSADA.<\/p>\n\n\n\n<p>Hasta 6 d\u00edas antes del inicio del evento ser\u00e1 posible contratar un seguro de cancelaci\u00f3n que permite la devoluci\u00f3n del importe \u00edntegro de la inscripci\u00f3n. Una vez transcurrido dicho plazo no ser\u00e1 posible realizar dicha contrataci\u00f3n. La cancelaci\u00f3n de la inscripci\u00f3n con derecho a la devoluci\u00f3n de su importe se podr\u00e1 realizar hasta el 1 de febrero a las 20:00. La cancelaci\u00f3n se debe comunicar por mail a la direcci\u00f3n info@eventsthinker.com y el solicitante debe obtener confirmaci\u00f3n de la aceptaci\u00f3n por parte de la organizaci\u00f3n.<\/p>\n\n\n\n<p>Ante inclemencias climatol\u00f3gicas extraordinarias o causas de fuerza mayor no atribuibles a la organizaci\u00f3n y que imposibiliten la celebraci\u00f3n de la prueba, la organizaci\u00f3n no asumir\u00e1 ninguna responsabilidad y no se realizar\u00e1 devoluci\u00f3n del importe de la inscripci\u00f3n.<\/p>\n\n\n\n<p><strong>7-RECORRIDOS<\/strong>:<\/p>\n\n\n\n<p>La organizaci\u00f3n ser\u00e1 responsable de la se\u00f1alizaci\u00f3n y control de los circuitos. Los participantes se comprometer\u00e1n a respetar las reglas de la competici\u00f3n, as\u00ed como a conocer el recorrido de cada segmento. El organizador se reserva el derecho a modificar el itinerario y neutralizar la totalidad o parte de la prueba si las circunstancias imprevistas as\u00ed lo requirieran<\/p>\n\n\n\n<p><strong>8-DISTANCIAS<\/strong>:<\/p>\n\n\n\n<p>Las distancias son aproximadas y luego en cada prueba se adaptar\u00e1n seg\u00fan las posibilidades del recorrido y terreno. <\/p>\n\n\n\n<p><strong>Sprint (5-20-2.5)<\/strong><\/p>\n\n\n\n<p>1\u00aa fase a pie de 5 km + 2\u00aa fase bicicleta de 20 km + 3\u00aa fase a pie de 2,5 km.<\/p>\n\n\n\n<p><strong>S\u00fapersprint (3-10-1.7)<\/strong><\/p>\n\n\n\n<p>1\u00aa fase a pie de 3 km + 2\u00aa fase bicicleta de 10 km + 3\u00aa fase a pie de 1,7 km<\/p>\n\n\n\n<p><strong>9-MATERIAL OBLIGATORIO<\/strong>:<\/p>\n\n\n\n<p>Ser\u00e1 obligatorio el uso del casco r\u00edgido en la prueba ciclista y presentar el DNI en el control <strong>y el seguimiento escrupuloso del protocolo de Seguridad<\/strong>.<\/p>\n\n\n\n<p><strong>10-DORSALES Y CHIP<\/strong>:<\/p>\n\n\n\n<p>Domingo en la Salida, desde las 7:15<\/p>\n\n\n\n<p><strong>11-BOXES<\/strong>:<\/p>\n\n\n\n<p>La entrada en boxes y control de material se realizar\u00e1 desde las 7:30 h<\/p>\n\n\n\n<p>\u00danicamente podr\u00e1n acceder a la zona de boxes los duatletas participantes. No se podr\u00e1 sacar el material hasta que no haya terminado la fase ciclista el \u00faltimo participante. Y para retirarla es necesario llevar el dorsal. La organizaci\u00f3n queda excluida de cualquier responsabilidad por la sustracci\u00f3n o extrav\u00edo de material.<\/p>\n\n\n\n<p><strong>12-NORMAS DE COMPETICI\u00d3N<\/strong>:<\/p>\n\n\n\n<p>Deber\u00e1n acatarse todas las \u00f3rdenes del personal de la organizaci\u00f3n, pudiendo ser descalificados en caso de no cumplir la reglamentaci\u00f3n. Ser\u00e1n descalificados aquellos corredores que no pasen por los controles marcados y no realicen el recorrido completo.<\/p>\n\n\n\n<div class=\"wp-block-group\"><div class=\"wp-block-group__inner-container is-layout-flow wp-block-group-is-layout-flow\">\n<ul class=\"wp-block-list\">\n<li><strong>No se pueden utilizar bicicletas con acoples en ninguna de las distancias y formatos.<\/strong><br><br>A todos los efectos, salvo prueba fehaciente en contrario a aportar por el deportista descalificado, ser\u00e1 prueba suficiente para acreditar la falta que haya provocada la descalificaci\u00f3n el mero testimonio&nbsp;de los oficiales, voluntarios y personal de la organizaci\u00f3n.&nbsp;<\/li>\n<\/ul>\n<\/div><\/div>\n\n\n\n<p><strong>13-RECLAMACI\u00d3N<\/strong><\/p>\n\n\n\n<p>Cualquier reclamaci\u00f3n se har\u00e1 por escrito una vez finalizada la prueba, depositando una fianza de 20 \u20ac, que ser\u00e1 devuelta si prospera la reclamaci\u00f3n.<\/p>\n\n\n\n<p><strong>14-PREMIOS<\/strong>:<\/p>\n\n\n\n<p>&#8211; Medalla en cada prueba a los 3 primeros de cada categor\u00eda.<\/p>\n\n\n\n<p>En el Campeonato de Madrid, por parte de la Federaci\u00f3n Madrile\u00f1a de Triatl\u00f3n: Trofeo a los 3 primeros en categor\u00eda masculina y femenina (del Campeonato de Madrid), y medallas para los 10 integrantes.<\/p>\n\n\n\n<p><strong>15-SERVICIOS PARA EL DEPORTISTA<\/strong>:<\/p>\n\n\n\n<p>En cada prueba los participantes van a disponer de:<\/p>\n\n\n\n<p>&#8211;&nbsp;&nbsp; Avituallamiento.<br>&#8211;&nbsp;&nbsp; Seguro de accidentes.<\/p>\n\n\n\n<p><strong>16-ACEPTACI\u00d3N, PLIEGO DE DESCARGO DE RESPONSABILIDAD Y PROTECCI\u00d3N DE DATOS<\/strong><\/p>\n\n\n\n<p>Los participantes, por el hecho de inscribirse libre y voluntariamente, declaran conocer y aceptar plenamente el presente Reglamento. En caso de duda o de surgir alguna situaci\u00f3n no reflejada en el mismo, prevalecer\u00e1 lo que disponga al efecto la organizaci\u00f3n.<\/p>\n\n\n\n<p>Por el s\u00f3lo hecho de inscribirse, el participante declara que: \u00abMe encuentro en estado de salud \u00f3ptimo para participar en el \u00abXVI DUATL\u00d3N DE VALDEBEBAS\u00bb. Adem\u00e1s, eximo de toda responsabilidad a la organizaci\u00f3n, patrocinadores u otras instituciones participantes ante cualquier accidente o lesi\u00f3n que pudiera sufrir antes, durante y\/o despu\u00e9s del evento deportivo, renunciando desde ya a cualquier acci\u00f3n legal en contra de cualquiera de dichas entidades.<\/p>\n\n\n\n<p>Durante el desarrollo de la prueba contribuir\u00e9 en lo posible con la organizaci\u00f3n, para evitar accidentes personales. De manera exclusiva, autorizo adem\u00e1s a que la organizaci\u00f3n haga uso publicitario de fotos, v\u00eddeos y nombre en la clasificaci\u00f3n de la prueba, en los medios de comunicaci\u00f3n y\/o Internet, sin esperar pago, compensaci\u00f3n o retribuci\u00f3n alguna por este concepto, con car\u00e1cter atemporal.<\/p>\n\n\n\n<p><a href=\"http:\/\/eventsthinker.com\/images\/eventos\/terminos_legales\/Datos_personales_M4YSL.pdf\" target=\"_blank\" rel=\"noreferrer noopener\">Pol\u00edtica de Protecci\u00f3n de Datos de Car\u00e1cter Personal<\/a> y <a href=\"http:\/\/www.eventsthinker.com\/images\/eventos\/terminos_legales\/Politica_privacidad_M4YSL.pdf\" target=\"_blank\" rel=\"noreferrer noopener\">Pol\u00edtica de Privacidad<\/a>.<\/p>\n","protected":false},"excerpt":{"rendered":"<p>1-PARTICIPANTES: 8 Febrero 2026 Podr\u00e1n participar todos aquellos deportistas, federados o no federados, que realicen su inscripci\u00f3n en la forma establecida en el presente reglamento y que pertenezcan a alguna de las categor\u00edas igualmente establecidas. Para cada una de las &hellip; <a href=\"https:\/\/www.duatlonvaldebebas.es\/?page_id=501\">Sigue leyendo <span class=\"meta-nav\">&rarr;<\/span><\/a><\/p>\n","protected":false},"author":1,"featured_media":0,"parent":0,"menu_order":0,"comment_status":"closed","ping_status":"closed","template":"","meta":{"footnotes":""},"class_list":["post-501","page","type-page","status-publish","hentry"],"_links":{"self":[{"href":"https:\/\/www.duatlonvaldebebas.es\/index.php?rest_route=\/wp\/v2\/pages\/501","targetHints":{"allow":["GET"]}}],"collection":[{"href":"https:\/\/www.duatlonvaldebebas.es\/index.php?rest_route=\/wp\/v2\/pages"}],"about":[{"href":"https:\/\/www.duatlonvaldebebas.es\/index.php?rest_route=\/wp\/v2\/types\/page"}],"author":[{"embeddable":true,"href":"https:\/\/www.duatlonvaldebebas.es\/index.php?rest_route=\/wp\/v2\/users\/1"}],"replies":[{"embeddable":true,"href":"https:\/\/www.duatlonvaldebebas.es\/index.php?rest_route=%2Fwp%2Fv2%2Fcomments&post=501"}],"version-history":[{"count":139,"href":"https:\/\/www.duatlonvaldebebas.es\/index.php?rest_route=\/wp\/v2\/pages\/501\/revisions"}],"predecessor-version":[{"id":1400,"href":"https:\/\/www.duatlonvaldebebas.es\/index.php?rest_route=\/wp\/v2\/pages\/501\/revisions\/1400"}],"wp:attachment":[{"href":"https:\/\/www.duatlonvaldebebas.es\/index.php?rest_route=%2Fwp%2Fv2%2Fmedia&parent=501"}],"curies":[{"name":"wp","href":"https:\/\/api.w.org\/{rel}","templated":true}]}}